{"id":54783,"date":"2016-03-22T13:30:47","date_gmt":"2016-03-22T13:30:47","guid":{"rendered":"http:\/\/contente.ag\/?post_type=portfolio&#038;p=54783"},"modified":"2024-02-22T18:32:53","modified_gmt":"2024-02-22T18:32:53","slug":"gnt-por-um-fio","status":"publish","type":"portfolio","link":"https:\/\/contente.ag\/index.php\/portfolio\/gnt-por-um-fio\/","title":{"rendered":"Por um Fio | GNT"},"content":{"rendered":"<div class=\"wpb-content-wrapper\"><p>[vc_row][vc_column column_width_percent=&#8221;100&#8243; align_horizontal=&#8221;align_center&#8221; gutter_size=&#8221;3&#8243; font_family=&#8221;font-180609&#8243; overlay_alpha=&#8221;50&#8243; shift_x=&#8221;0&#8243; shift_y=&#8221;0&#8243; shift_y_down=&#8221;0&#8243; z_index=&#8221;0&#8243; medium_width=&#8221;0&#8243; mobile_width=&#8221;0&#8243; width=&#8221;1\/1&#8243; uncode_shortcode_id=&#8221;696629&#8243;][vc_custom_heading text_color=&#8221;color-wvjs&#8221; heading_semantic=&#8221;h3&#8243; text_font=&#8221;font-112737&#8243; text_size=&#8221;fontsize-155944&#8243; text_weight=&#8221;300&#8243; text_space=&#8221;fontspace-111509&#8243; sub_reduced=&#8221;yes&#8221; uncode_shortcode_id=&#8221;586810&#8243; text_color_type=&#8221;uncode-palette&#8221;]POR UM FIO, primeiro reality show do GNT, marca a parceria entre a Contente e o Canal.[\/vc_custom_heading][vc_row_inner][vc_column_inner column_width_use_pixel=&#8221;yes&#8221; align_horizontal=&#8221;align_center&#8221; gutter_size=&#8221;3&#8243; overlay_alpha=&#8221;50&#8243; shift_x=&#8221;0&#8243; shift_y=&#8221;0&#8243; shift_y_down=&#8221;0&#8243; z_index=&#8221;0&#8243; medium_width=&#8221;0&#8243; mobile_width=&#8221;0&#8243; width=&#8221;1\/1&#8243; uncode_shortcode_id=&#8221;208448&#8243; column_width_pixel=&#8221;900&#8243;][vc_column_text uncode_shortcode_id=&#8221;145246&#8243;]\u201cPor Um Fio\u201d \u00e9 a adapta\u00e7\u00e3o brasileira do sucesso Americano \u201cShear Genius\u201d. Nesta vers\u00e3o, que j\u00e1 est\u00e1 caminhando para a terceira temporada, a atriz Juliana Paes fez sua estreia como apresentadora, e o top <i>hair stylist<\/i> Tiago Parente \u00e9 o mentor do sal\u00e3o que d\u00e1 o que falar. No Brasil, os direitos de adapta\u00e7\u00e3o da s\u00e9rie s\u00e3o exclusividade da Contente Entretenimento.[\/vc_column_text][\/vc_column_inner][\/vc_row_inner][vc_row_inner][vc_column_inner column_width_use_pixel=&#8221;yes&#8221; align_horizontal=&#8221;align_center&#8221; gutter_size=&#8221;3&#8243; overlay_alpha=&#8221;50&#8243; shift_x=&#8221;0&#8243; shift_y=&#8221;0&#8243; shift_y_down=&#8221;0&#8243; z_index=&#8221;0&#8243; medium_width=&#8221;0&#8243; mobile_width=&#8221;0&#8243; width=&#8221;1\/1&#8243; uncode_shortcode_id=&#8221;597080&#8243; column_width_pixel=&#8221;900&#8243;][vc_single_image media=&#8221;54784&#8243; media_width_percent=&#8221;100&#8243;][\/vc_column_inner][\/vc_row_inner][\/vc_column][\/vc_row]<\/p>\n<\/div>","protected":false},"excerpt":{"rendered":"<p>[vc_row][vc_column column_width_percent=&#8221;100&#8243; align_horizontal=&#8221;align_center&#8221; gutter_size=&#8221;3&#8243; font_family=&#8221;font-180609&#8243; overlay_alpha=&#8221;50&#8243; shift_x=&#8221;0&#8243; shift_y=&#8221;0&#8243; shift_y_down=&#8221;0&#8243; z_index=&#8221;0&#8243; medium_width=&#8221;0&#8243; mobile_width=&#8221;0&#8243; width=&#8221;1\/1&#8243; uncode_shortcode_id=&#8221;696629&#8243;][vc_custom_heading text_color=&#8221;color-wvjs&#8221; heading_semantic=&#8221;h3&#8243; text_font=&#8221;font-112737&#8243; text_size=&#8221;fontsize-155944&#8243; text_weight=&#8221;300&#8243; text_space=&#8221;fontspace-111509&#8243; [&hellip;]<\/p>\n","protected":false},"author":1,"featured_media":54785,"parent":0,"menu_order":0,"comment_status":"closed","ping_status":"closed","template":"","meta":[],"portfolio_category":[135],"_links":{"self":[{"href":"https:\/\/contente.ag\/index.php\/wp-json\/wp\/v2\/portfolio\/54783"}],"collection":[{"href":"https:\/\/contente.ag\/index.php\/wp-json\/wp\/v2\/portfolio"}],"about":[{"href":"https:\/\/contente.ag\/index.php\/wp-json\/wp\/v2\/types\/portfolio"}],"author":[{"embeddable":true,"href":"https:\/\/contente.ag\/index.php\/wp-json\/wp\/v2\/users\/1"}],"replies":[{"embeddable":true,"href":"https:\/\/contente.ag\/index.php\/wp-json\/wp\/v2\/comments?post=54783"}],"version-history":[{"count":8,"href":"https:\/\/contente.ag\/index.php\/wp-json\/wp\/v2\/portfolio\/54783\/revisions"}],"predecessor-version":[{"id":54996,"href":"https:\/\/contente.ag\/index.php\/wp-json\/wp\/v2\/portfolio\/54783\/revisions\/54996"}],"wp:featuredmedia":[{"embeddable":true,"href":"https:\/\/contente.ag\/index.php\/wp-json\/wp\/v2\/media\/54785"}],"wp:attachment":[{"href":"https:\/\/contente.ag\/index.php\/wp-json\/wp\/v2\/media?parent=54783"}],"wp:term":[{"taxonomy":"portfolio_category","embeddable":true,"href":"https:\/\/contente.ag\/index.php\/wp-json\/wp\/v2\/portfolio_category?post=54783"}],"curies":[{"name":"wp","href":"https:\/\/api.w.org\/{rel}","templated":true}]}}

<div class="wpb-content-wrapper"><p>[vc_row][vc_column column_width_percent=&#8221;100&#8243; align_horizontal=&#8221;align_center&#8221; gutter_size=&#8221;3&#8243; font_family=&#8221;font-180609&#8243; overlay_alpha=&#8221;50&#8243; shift_x=&#8221;0&#8243; shift_y=&#8221;0&#8243; shift_y_down=&#8221;0&#8243; z_index=&#8221;0&#8243; medium_width=&#8221;0&#8243; mobile_width=&#8221;0&#8243; width=&#8221;1/1&#8243; uncode_shortcode_id=&#8221;696629&#8243;][vc_custom_heading text_color=&#8221;color-wvjs&#8221; heading_semantic=&#8221;h3&#8243; text_font=&#8221;font-112737&#8243; text_size=&#8221;fontsize-155944&#8243; text_weight=&#8221;300&#8243; text_space=&#8221;fontspace-111509&#8243; sub_reduced=&#8221;yes&#8221; uncode_shortcode_id=&#8221;586810&#8243; text_color_type=&#8221;uncode-palette&#8221;]POR UM FIO, primeiro reality show do GNT, marca a parceria entre a Contente e o Canal.[/vc_custom_heading][vc_row_inner][vc_column_inner column_width_use_pixel=&#8221;yes&#8221; align_horizontal=&#8221;align_center&#8221; gutter_size=&#8221;3&#8243; overlay_alpha=&#8221;50&#8243; shift_x=&#8221;0&#8243; shift_y=&#8221;0&#8243; shift_y_down=&#8221;0&#8243; z_index=&#8221;0&#8243; medium_width=&#8221;0&#8243; mobile_width=&#8221;0&#8243; width=&#8221;1/1&#8243; uncode_shortcode_id=&#8221;208448&#8243; column_width_pixel=&#8221;900&#8243;][vc_column_text uncode_shortcode_id=&#8221;145246&#8243;]“Por Um Fio” é a adaptação brasileira do sucesso Americano “Shear Genius”. Nesta versão, que já está caminhando para a terceira temporada, a atriz Juliana Paes fez sua estreia como apresentadora, e o top <i>hair stylist</i> Tiago Parente é o mentor do salão que dá o que falar. No Brasil, os direitos de adaptação da série são exclusividade da Contente Entretenimento.[/vc_column_text][/vc_column_inner][/vc_row_inner][vc_row_inner][vc_column_inner column_width_use_pixel=&#8221;yes&#8221; align_horizontal=&#8221;align_center&#8221; gutter_size=&#8221;3&#8243; overlay_alpha=&#8221;50&#8243; shift_x=&#8221;0&#8243; shift_y=&#8221;0&#8243; shift_y_down=&#8221;0&#8243; z_index=&#8221;0&#8243; medium_width=&#8221;0&#8243; mobile_width=&#8221;0&#8243; width=&#8221;1/1&#8243; uncode_shortcode_id=&#8221;597080&#8243; column_width_pixel=&#8221;900&#8243;][vc_single_image media=&#8221;54784&#8243; media_width_percent=&#8221;100&#8243;][/vc_column_inner][/vc_row_inner][/vc_column][/vc_row]</p>
</div>
